{"id":957,"date":"2020-08-26T14:46:59","date_gmt":"2020-08-26T14:46:59","guid":{"rendered":"https:\/\/gurufinanciero.com\/new\/?page_id=957"},"modified":"2020-09-15T19:46:35","modified_gmt":"2020-09-15T19:46:35","slug":"como-adquirir-mejorar-nuevas-habilidades-para-un-mundo-digital","status":"publish","type":"page","link":"https:\/\/gurufinanciero.com\/new\/como-adquirir-mejorar-nuevas-habilidades-para-un-mundo-digital\/","title":{"rendered":"\u00bfC\u00f3mo adquirir \/ mejorar nuevas habilidades para un mundo digital?"},"content":{"rendered":"\t\t<div data-elementor-type=\"wp-page\" data-elementor-id=\"957\" class=\"elementor elementor-957\">\n\t\t\t\t\t\t<section class=\"elementor-section elementor-top-section elementor-element elementor-element-e64415d elementor-section-content-bottom elementor-section-boxed elementor-section-height-default elementor-section-height-default\" data-id=\"e64415d\" data-element_type=\"section\" data-settings=\"{&quot;background_background&quot;:&quot;classic&quot;}\">\n\t\t\t\t\t\t\t<div class=\"elementor-background-overlay\"><\/div>\n\t\t\t\t\t\t\t<div class=\"elementor-container elementor-column-gap-extended\">\n\t\t\t\t\t<div class=\"elementor-column elementor-col-100 elementor-top-column elementor-element elementor-element-b6eddb1\" data-id=\"b6eddb1\" data-element_type=\"column\">\n\t\t\t<div class=\"elementor-widget-wrap elementor-element-populated\">\n\t\t\t\t\t\t<div class=\"elementor-element elementor-element-be0b47d elementor-widget elementor-widget-spacer\" data-id=\"be0b47d\" data-element_type=\"widget\" data-widget_type=\"spacer.default\">\n\t\t\t\t<div class=\"elementor-widget-container\">\n\t\t\t\t\t\t\t<div class=\"elementor-spacer\">\n\t\t\t<div class=\"elementor-spacer-inner\"><\/div>\n\t\t<\/div>\n\t\t\t\t\t\t<\/div>\n\t\t\t\t<\/div>\n\t\t\t\t<div class=\"elementor-element elementor-element-4e06008 elementor-widget elementor-widget-heading\" data-id=\"4e06008\" data-element_type=\"widget\" data-widget_type=\"heading.default\">\n\t\t\t\t<div class=\"elementor-widget-container\">\n\t\t\t\t\t<h1 class=\"elementor-heading-title elementor-size-default\">\u00bfC\u00f3mo adquirir \/ mejorar nuevas habilidades en el mundo digital?<\/h1>\t\t\t\t<\/div>\n\t\t\t\t<\/div>\n\t\t\t\t<div class=\"elementor-element elementor-element-539d574 elementor-widget elementor-widget-spacer\" data-id=\"539d574\" data-element_type=\"widget\" data-widget_type=\"spacer.default\">\n\t\t\t\t<div class=\"elementor-widget-container\">\n\t\t\t\t\t\t\t<div class=\"elementor-spacer\">\n\t\t\t<div class=\"elementor-spacer-inner\"><\/div>\n\t\t<\/div>\n\t\t\t\t\t\t<\/div>\n\t\t\t\t<\/div>\n\t\t\t\t\t<\/div>\n\t\t<\/div>\n\t\t\t\t\t<\/div>\n\t\t<\/section>\n\t\t\t\t<section class=\"elementor-section elementor-top-section elementor-element elementor-element-ec1096e elementor-section-boxed elementor-section-height-default elementor-section-height-default\" data-id=\"ec1096e\" data-element_type=\"section\">\n\t\t\t\t\t\t<div class=\"elementor-container elementor-column-gap-default\">\n\t\t\t\t\t<div class=\"elementor-column elementor-col-100 elementor-top-column elementor-element elementor-element-a7409ab\" data-id=\"a7409ab\" data-element_type=\"column\">\n\t\t\t<div class=\"elementor-widget-wrap elementor-element-populated\">\n\t\t\t\t\t\t<div class=\"elementor-element elementor-element-e3d7155 elementor-widget elementor-widget-spacer\" data-id=\"e3d7155\" data-element_type=\"widget\" data-widget_type=\"spacer.default\">\n\t\t\t\t<div class=\"elementor-widget-container\">\n\t\t\t\t\t\t\t<div class=\"elementor-spacer\">\n\t\t\t<div class=\"elementor-spacer-inner\"><\/div>\n\t\t<\/div>\n\t\t\t\t\t\t<\/div>\n\t\t\t\t<\/div>\n\t\t\t\t<div class=\"elementor-element elementor-element-3ef426f elementor-widget elementor-widget-text-editor\" data-id=\"3ef426f\" data-element_type=\"widget\" data-widget_type=\"text-editor.default\">\n\t\t\t\t<div class=\"elementor-widget-container\">\n\t\t\t\t\t\t\t\t\t<p>Vivimos en un tiempo en el que es necesario adquirir nuevas habilidades cada d\u00eda, especialmente en el mundo digital. La actualizaci\u00f3n de conocimiento debe ser un reto para las personas.\u00a0<\/p><p>Google Act\u00edvate es una plataforma gratuita que permite adquirir competencias bien sea para el desarrollo de un propio negocio o para adquirir un posicionamiento al momento de la b\u00fasqueda de trabajo.\u00a0<\/p><p>Esta plataforma de estudio fue dise\u00f1ada por Google y para inscribirse en sus cursos online gratuitos s\u00f3lo requiere una cuenta de Google.<\/p><p>Para m\u00e1s informaci\u00f3n sobre el servicio que ofrece Google Act\u00edvate ingresa a este enlace\u00a0<\/p>\t\t\t\t\t\t\t\t<\/div>\n\t\t\t\t<\/div>\n\t\t\t\t<div class=\"elementor-element elementor-element-6468276 elementor-align-center elementor-widget elementor-widget-button\" data-id=\"6468276\" data-element_type=\"widget\" data-widget_type=\"button.default\">\n\t\t\t\t<div class=\"elementor-widget-container\">\n\t\t\t\t\t\t\t\t\t<div class=\"elementor-button-wrapper\">\n\t\t\t\t\t<a class=\"elementor-button elementor-button-link elementor-size-sm\" href=\"https:\/\/learndigital.withgoogle.com\/activate\" target=\"_blank\">\n\t\t\t\t\t\t<span class=\"elementor-button-content-wrapper\">\n\t\t\t\t\t\t\t\t\t<span class=\"elementor-button-text\">Google Act\u00edvate<\/span>\n\t\t\t\t\t<\/span>\n\t\t\t\t\t<\/a>\n\t\t\t\t<\/div>\n\t\t\t\t\t\t\t\t<\/div>\n\t\t\t\t<\/div>\n\t\t\t\t\t<\/div>\n\t\t<\/div>\n\t\t\t\t\t<\/div>\n\t\t<\/section>\n\t\t\t\t<\/div>\n\t\t","protected":false},"excerpt":{"rendered":"<p>\u00bfC\u00f3mo adquirir \/ mejorar nuevas habilidades en el mundo digital? Vivimos en un tiempo en el que es necesario adquirir nuevas habilidades cada d\u00eda, especialmente en el mundo digital. La actualizaci\u00f3n de conocimiento debe ser un reto para las personas.\u00a0 Google Act\u00edvate es una plataforma gratuita que permite adquirir competencias bien sea para el desarrollo &hellip;<\/p>\n<p class=\"read-more\"> <a class=\"\" href=\"https:\/\/gurufinanciero.com\/new\/como-adquirir-mejorar-nuevas-habilidades-para-un-mundo-digital\/\"> <span class=\"screen-reader-text\">\u00bfC\u00f3mo adquirir \/ mejorar nuevas habilidades para un mundo digital?<\/span> Leer m\u00e1s &raquo;<\/a><\/p>\n","protected":false},"author":1,"featured_media":0,"parent":0,"menu_order":0,"comment_status":"closed","ping_status":"closed","template":"","meta":{"footnotes":""},"class_list":["post-957","page","type-page","status-publish","hentry"],"yoast_head":"<!-- This site is optimized with the Yoast SEO plugin v26.9 - https:\/\/yoast.com\/product\/yoast-seo-wordpress\/ -->\n<title>\u00bfC\u00f3mo adquirir \/ mejorar nuevas habilidades para un mundo digital? - GuruFinanciero su amigo en las finanzas personales<\/title>\n<meta name=\"description\" content=\"Una plataforma de estudio dise\u00f1ada para promover las competencias digitales y especialmente el trabajo en el mundo de internet, con el respaldo de Google.\" \/>\n<meta name=\"robots\" content=\"index, follow, max-snippet:-1, max-image-preview:large, max-video-preview:-1\" \/>\n<link rel=\"canonical\" href=\"https:\/\/gurufinanciero.com\/new\/como-adquirir-mejorar-nuevas-habilidades-para-un-mundo-digital\/\" \/>\n<meta property=\"og:locale\" content=\"es_ES\" \/>\n<meta property=\"og:type\" content=\"article\" \/>\n<meta property=\"og:title\" content=\"\u00bfC\u00f3mo adquirir \/ mejorar nuevas habilidades para un mundo digital? - GuruFinanciero su amigo en las finanzas personales\" \/>\n<meta property=\"og:description\" content=\"Una plataforma de estudio dise\u00f1ada para promover las competencias digitales y especialmente el trabajo en el mundo de internet, con el respaldo de Google.\" \/>\n<meta property=\"og:url\" content=\"https:\/\/gurufinanciero.com\/new\/como-adquirir-mejorar-nuevas-habilidades-para-un-mundo-digital\/\" \/>\n<meta property=\"og:site_name\" content=\"GuruFinanciero su amigo en las finanzas personales\" \/>\n<meta property=\"article:modified_time\" content=\"2020-09-15T19:46:35+00:00\" \/>\n<meta name=\"twitter:card\" content=\"summary_large_image\" \/>\n<meta name=\"twitter:label1\" content=\"Tiempo de lectura\" \/>\n\t<meta name=\"twitter:data1\" content=\"1 minuto\" \/>\n<script type=\"application\/ld+json\" class=\"yoast-schema-graph\">{\"@context\":\"https:\/\/schema.org\",\"@graph\":[{\"@type\":\"WebPage\",\"@id\":\"https:\/\/gurufinanciero.com\/new\/como-adquirir-mejorar-nuevas-habilidades-para-un-mundo-digital\/\",\"url\":\"https:\/\/gurufinanciero.com\/new\/como-adquirir-mejorar-nuevas-habilidades-para-un-mundo-digital\/\",\"name\":\"\u00bfC\u00f3mo adquirir \/ mejorar nuevas habilidades para un mundo digital? - GuruFinanciero su amigo en las finanzas personales\",\"isPartOf\":{\"@id\":\"https:\/\/gurufinanciero.com\/new\/#website\"},\"datePublished\":\"2020-08-26T14:46:59+00:00\",\"dateModified\":\"2020-09-15T19:46:35+00:00\",\"description\":\"Una plataforma de estudio dise\u00f1ada para promover las competencias digitales y especialmente el trabajo en el mundo de internet, con el respaldo de Google.\",\"breadcrumb\":{\"@id\":\"https:\/\/gurufinanciero.com\/new\/como-adquirir-mejorar-nuevas-habilidades-para-un-mundo-digital\/#breadcrumb\"},\"inLanguage\":\"es\",\"potentialAction\":[{\"@type\":\"ReadAction\",\"target\":[\"https:\/\/gurufinanciero.com\/new\/como-adquirir-mejorar-nuevas-habilidades-para-un-mundo-digital\/\"]}]},{\"@type\":\"BreadcrumbList\",\"@id\":\"https:\/\/gurufinanciero.com\/new\/como-adquirir-mejorar-nuevas-habilidades-para-un-mundo-digital\/#breadcrumb\",\"itemListElement\":[{\"@type\":\"ListItem\",\"position\":1,\"name\":\"Portada\",\"item\":\"https:\/\/gurufinanciero.com\/new\/\"},{\"@type\":\"ListItem\",\"position\":2,\"name\":\"\u00bfC\u00f3mo adquirir \/ mejorar nuevas habilidades para un mundo digital?\"}]},{\"@type\":\"WebSite\",\"@id\":\"https:\/\/gurufinanciero.com\/new\/#website\",\"url\":\"https:\/\/gurufinanciero.com\/new\/\",\"name\":\"GuruFinanciero su amigo en las finanzas personales\",\"description\":\"Mejorar tu salud financiera depender\u00e1 en medida de las decisiones que elijas\",\"publisher\":{\"@id\":\"https:\/\/gurufinanciero.com\/new\/#organization\"},\"potentialAction\":[{\"@type\":\"SearchAction\",\"target\":{\"@type\":\"EntryPoint\",\"urlTemplate\":\"https:\/\/gurufinanciero.com\/new\/?s={search_term_string}\"},\"query-input\":{\"@type\":\"PropertyValueSpecification\",\"valueRequired\":true,\"valueName\":\"search_term_string\"}}],\"inLanguage\":\"es\"},{\"@type\":\"Organization\",\"@id\":\"https:\/\/gurufinanciero.com\/new\/#organization\",\"name\":\"GuruFinanciero su amigo en las finanzas personales\",\"url\":\"https:\/\/gurufinanciero.com\/new\/\",\"logo\":{\"@type\":\"ImageObject\",\"inLanguage\":\"es\",\"@id\":\"https:\/\/gurufinanciero.com\/new\/#\/schema\/logo\/image\/\",\"url\":\"https:\/\/gurufinanciero.com\/new\/wp-content\/uploads\/2020\/02\/cropped-logo-guru-financiero-finanzas-personales.png\",\"contentUrl\":\"https:\/\/gurufinanciero.com\/new\/wp-content\/uploads\/2020\/02\/cropped-logo-guru-financiero-finanzas-personales.png\",\"width\":718,\"height\":162,\"caption\":\"GuruFinanciero su amigo en las finanzas personales\"},\"image\":{\"@id\":\"https:\/\/gurufinanciero.com\/new\/#\/schema\/logo\/image\/\"}}]}<\/script>\n<!-- \/ Yoast SEO plugin. -->","yoast_head_json":{"title":"\u00bfC\u00f3mo adquirir \/ mejorar nuevas habilidades para un mundo digital? - GuruFinanciero su amigo en las finanzas personales","description":"Una plataforma de estudio dise\u00f1ada para promover las competencias digitales y especialmente el trabajo en el mundo de internet, con el respaldo de Google.","robots":{"index":"index","follow":"follow","max-snippet":"max-snippet:-1","max-image-preview":"max-image-preview:large","max-video-preview":"max-video-preview:-1"},"canonical":"https:\/\/gurufinanciero.com\/new\/como-adquirir-mejorar-nuevas-habilidades-para-un-mundo-digital\/","og_locale":"es_ES","og_type":"article","og_title":"\u00bfC\u00f3mo adquirir \/ mejorar nuevas habilidades para un mundo digital? - GuruFinanciero su amigo en las finanzas personales","og_description":"Una plataforma de estudio dise\u00f1ada para promover las competencias digitales y especialmente el trabajo en el mundo de internet, con el respaldo de Google.","og_url":"https:\/\/gurufinanciero.com\/new\/como-adquirir-mejorar-nuevas-habilidades-para-un-mundo-digital\/","og_site_name":"GuruFinanciero su amigo en las finanzas personales","article_modified_time":"2020-09-15T19:46:35+00:00","twitter_card":"summary_large_image","twitter_misc":{"Tiempo de lectura":"1 minuto"},"schema":{"@context":"https:\/\/schema.org","@graph":[{"@type":"WebPage","@id":"https:\/\/gurufinanciero.com\/new\/como-adquirir-mejorar-nuevas-habilidades-para-un-mundo-digital\/","url":"https:\/\/gurufinanciero.com\/new\/como-adquirir-mejorar-nuevas-habilidades-para-un-mundo-digital\/","name":"\u00bfC\u00f3mo adquirir \/ mejorar nuevas habilidades para un mundo digital? - GuruFinanciero su amigo en las finanzas personales","isPartOf":{"@id":"https:\/\/gurufinanciero.com\/new\/#website"},"datePublished":"2020-08-26T14:46:59+00:00","dateModified":"2020-09-15T19:46:35+00:00","description":"Una plataforma de estudio dise\u00f1ada para promover las competencias digitales y especialmente el trabajo en el mundo de internet, con el respaldo de Google.","breadcrumb":{"@id":"https:\/\/gurufinanciero.com\/new\/como-adquirir-mejorar-nuevas-habilidades-para-un-mundo-digital\/#breadcrumb"},"inLanguage":"es","potentialAction":[{"@type":"ReadAction","target":["https:\/\/gurufinanciero.com\/new\/como-adquirir-mejorar-nuevas-habilidades-para-un-mundo-digital\/"]}]},{"@type":"BreadcrumbList","@id":"https:\/\/gurufinanciero.com\/new\/como-adquirir-mejorar-nuevas-habilidades-para-un-mundo-digital\/#breadcrumb","itemListElement":[{"@type":"ListItem","position":1,"name":"Portada","item":"https:\/\/gurufinanciero.com\/new\/"},{"@type":"ListItem","position":2,"name":"\u00bfC\u00f3mo adquirir \/ mejorar nuevas habilidades para un mundo digital?"}]},{"@type":"WebSite","@id":"https:\/\/gurufinanciero.com\/new\/#website","url":"https:\/\/gurufinanciero.com\/new\/","name":"GuruFinanciero su amigo en las finanzas personales","description":"Mejorar tu salud financiera depender\u00e1 en medida de las decisiones que elijas","publisher":{"@id":"https:\/\/gurufinanciero.com\/new\/#organization"},"potentialAction":[{"@type":"SearchAction","target":{"@type":"EntryPoint","urlTemplate":"https:\/\/gurufinanciero.com\/new\/?s={search_term_string}"},"query-input":{"@type":"PropertyValueSpecification","valueRequired":true,"valueName":"search_term_string"}}],"inLanguage":"es"},{"@type":"Organization","@id":"https:\/\/gurufinanciero.com\/new\/#organization","name":"GuruFinanciero su amigo en las finanzas personales","url":"https:\/\/gurufinanciero.com\/new\/","logo":{"@type":"ImageObject","inLanguage":"es","@id":"https:\/\/gurufinanciero.com\/new\/#\/schema\/logo\/image\/","url":"https:\/\/gurufinanciero.com\/new\/wp-content\/uploads\/2020\/02\/cropped-logo-guru-financiero-finanzas-personales.png","contentUrl":"https:\/\/gurufinanciero.com\/new\/wp-content\/uploads\/2020\/02\/cropped-logo-guru-financiero-finanzas-personales.png","width":718,"height":162,"caption":"GuruFinanciero su amigo en las finanzas personales"},"image":{"@id":"https:\/\/gurufinanciero.com\/new\/#\/schema\/logo\/image\/"}}]}},"_links":{"self":[{"href":"https:\/\/gurufinanciero.com\/new\/wp-json\/wp\/v2\/pages\/957","targetHints":{"allow":["GET"]}}],"collection":[{"href":"https:\/\/gurufinanciero.com\/new\/wp-json\/wp\/v2\/pages"}],"about":[{"href":"https:\/\/gurufinanciero.com\/new\/wp-json\/wp\/v2\/types\/page"}],"author":[{"embeddable":true,"href":"https:\/\/gurufinanciero.com\/new\/wp-json\/wp\/v2\/users\/1"}],"replies":[{"embeddable":true,"href":"https:\/\/gurufinanciero.com\/new\/wp-json\/wp\/v2\/comments?post=957"}],"version-history":[{"count":11,"href":"https:\/\/gurufinanciero.com\/new\/wp-json\/wp\/v2\/pages\/957\/revisions"}],"predecessor-version":[{"id":1162,"href":"https:\/\/gurufinanciero.com\/new\/wp-json\/wp\/v2\/pages\/957\/revisions\/1162"}],"wp:attachment":[{"href":"https:\/\/gurufinanciero.com\/new\/wp-json\/wp\/v2\/media?parent=957"}],"curies":[{"name":"wp","href":"https:\/\/api.w.org\/{rel}","templated":true}]}}