{"id":745,"date":"2020-02-26T15:28:07","date_gmt":"2020-02-26T15:28:07","guid":{"rendered":"https:\/\/gurufinanciero.com\/new\/?page_id=745"},"modified":"2020-12-02T19:25:39","modified_gmt":"2020-12-02T19:25:39","slug":"diagnostico-financiero","status":"publish","type":"page","link":"https:\/\/gurufinanciero.com\/new\/diagnostico-financiero\/","title":{"rendered":"Diagn\u00f3stico Analfabetismo Financiero"},"content":{"rendered":"\t\t<div data-elementor-type=\"wp-page\" data-elementor-id=\"745\" class=\"elementor elementor-745\">\n\t\t\t\t\t\t<section class=\"elementor-section elementor-top-section elementor-element elementor-element-eb34dff elementor-section-content-bottom elementor-section-boxed elementor-section-height-default elementor-section-height-default\" data-id=\"eb34dff\" data-element_type=\"section\" data-settings=\"{&quot;background_background&quot;:&quot;classic&quot;}\">\n\t\t\t\t\t\t\t<div class=\"elementor-background-overlay\"><\/div>\n\t\t\t\t\t\t\t<div class=\"elementor-container elementor-column-gap-extended\">\n\t\t\t\t\t<div class=\"elementor-column elementor-col-100 elementor-top-column elementor-element elementor-element-1a24590\" data-id=\"1a24590\" data-element_type=\"column\">\n\t\t\t<div class=\"elementor-widget-wrap elementor-element-populated\">\n\t\t\t\t\t\t<div class=\"elementor-element elementor-element-66ee192 elementor-widget elementor-widget-spacer\" data-id=\"66ee192\" data-element_type=\"widget\" data-widget_type=\"spacer.default\">\n\t\t\t\t<div class=\"elementor-widget-container\">\n\t\t\t\t\t\t\t<div class=\"elementor-spacer\">\n\t\t\t<div class=\"elementor-spacer-inner\"><\/div>\n\t\t<\/div>\n\t\t\t\t\t\t<\/div>\n\t\t\t\t<\/div>\n\t\t\t\t<div class=\"elementor-element elementor-element-930269d elementor-widget elementor-widget-heading\" data-id=\"930269d\" data-element_type=\"widget\" data-widget_type=\"heading.default\">\n\t\t\t\t<div class=\"elementor-widget-container\">\n\t\t\t\t\t<h1 class=\"elementor-heading-title elementor-size-default\">Diagn\u00f3stico Financiero<\/h1>\t\t\t\t<\/div>\n\t\t\t\t<\/div>\n\t\t\t\t<div class=\"elementor-element elementor-element-4033ff6 elementor-widget elementor-widget-spacer\" data-id=\"4033ff6\" data-element_type=\"widget\" data-widget_type=\"spacer.default\">\n\t\t\t\t<div class=\"elementor-widget-container\">\n\t\t\t\t\t\t\t<div class=\"elementor-spacer\">\n\t\t\t<div class=\"elementor-spacer-inner\"><\/div>\n\t\t<\/div>\n\t\t\t\t\t\t<\/div>\n\t\t\t\t<\/div>\n\t\t\t\t\t<\/div>\n\t\t<\/div>\n\t\t\t\t\t<\/div>\n\t\t<\/section>\n\t\t\t\t<section class=\"elementor-section elementor-top-section elementor-element elementor-element-12f3c4a elementor-section-boxed elementor-section-height-default elementor-section-height-default\" data-id=\"12f3c4a\" data-element_type=\"section\">\n\t\t\t\t\t\t<div class=\"elementor-container elementor-column-gap-default\">\n\t\t\t\t\t<div class=\"elementor-column elementor-col-100 elementor-top-column elementor-element elementor-element-84a5b4b\" data-id=\"84a5b4b\" data-element_type=\"column\">\n\t\t\t<div class=\"elementor-widget-wrap elementor-element-populated\">\n\t\t\t\t\t\t<div class=\"elementor-element elementor-element-4fdc83b elementor-widget elementor-widget-spacer\" data-id=\"4fdc83b\" data-element_type=\"widget\" data-widget_type=\"spacer.default\">\n\t\t\t\t<div class=\"elementor-widget-container\">\n\t\t\t\t\t\t\t<div class=\"elementor-spacer\">\n\t\t\t<div class=\"elementor-spacer-inner\"><\/div>\n\t\t<\/div>\n\t\t\t\t\t\t<\/div>\n\t\t\t\t<\/div>\n\t\t\t\t<div class=\"elementor-element elementor-element-5d4b5b2 elementor-widget elementor-widget-text-editor\" data-id=\"5d4b5b2\" data-element_type=\"widget\" data-widget_type=\"text-editor.default\">\n\t\t\t\t<div class=\"elementor-widget-container\">\n\t\t\t\t\t\t\t\t\t<p>Apreciado cliente, gracias por depositar tu confianza en nosotros y elegirnos como tu mejor opci\u00f3n. Por lo tanto lo invitamos a presentar dos pruebas\u00a0 \u00abDiagn\u00f3stico Analfabetismo Financiero\u00bb y\u00a0<span style=\"font-size: 14px; font-style: normal; font-weight: 400;\">\u00abDiagn\u00f3stico Conceptos Financieros\u00bb<\/span><span style=\"font-size: 14px;\">\u00a0con el fin de<\/span><\/p><ul><li>Medir tus capacidades financieras y entender el por qu\u00e9\u00a0 se dan ciertas situaciones o comportamientos<\/li><li>Saber que tipo de problemas vamos manejar<\/li><li>Medir y combatir la informaci\u00f3n financiera. Lograr que la gente entienda los peligros y sobrecostos de las fuentes informales de informaci\u00f3n<\/li><\/ul><div>En ese orden de ideas le pedimos primero, desarrollar la prueba \u00abDiagn\u00f3stico Analfabetismo Financiero\u00bb que se encuentra a continuaci\u00f3n y una vez finalizada seguir con la siguiente prueba dando click en el bot\u00f3n \u00abIr Diagn\u00f3stico Conceptos Financiero\u00bb en el cual lo redireccionara.\u00a0\u00a0<\/div><div>\u00a0<\/div><div>Al final del ejercicio nuestro Coach Financiero se contactar\u00e1 con usted para iniciar el proceso de acompa\u00f1amiento o si usted necesita agendar una cita pronta con nuestro Coach lo puede hacer. Igualmente lo invitamos a que revise nuestra secci\u00f3n recursos did\u00e1ctico compuesto por infografias, v\u00eddeos y noticias de inter\u00e9s.\u00a0<\/div>\t\t\t\t\t\t\t\t<\/div>\n\t\t\t\t<\/div>\n\t\t\t\t<div class=\"elementor-element elementor-element-b9fcb09 elementor-widget elementor-widget-heading\" data-id=\"b9fcb09\" data-element_type=\"widget\" data-widget_type=\"heading.default\">\n\t\t\t\t<div class=\"elementor-widget-container\">\n\t\t\t\t\t<h1 class=\"elementor-heading-title elementor-size-xl\"><h2 data-elementor-setting-key=\"title\" data-pen-placeholder=\"Teclea aqu\u00ed...\" style=\"font-style: normal\">Diagn\u00f3stico Analfabetismo Financiero<\/h2><\/h1>\t\t\t\t<\/div>\n\t\t\t\t<\/div>\n\t\t\t\t\t<\/div>\n\t\t<\/div>\n\t\t\t\t\t<\/div>\n\t\t<\/section>\n\t\t\t\t<section class=\"elementor-section elementor-top-section elementor-element elementor-element-2d8004c elementor-section-boxed elementor-section-height-default elementor-section-height-default\" data-id=\"2d8004c\" data-element_type=\"section\">\n\t\t\t\t\t\t<div class=\"elementor-container elementor-column-gap-default\">\n\t\t\t\t\t<div class=\"elementor-column elementor-col-100 elementor-top-column elementor-element elementor-element-958381c\" data-id=\"958381c\" data-element_type=\"column\">\n\t\t\t<div class=\"elementor-widget-wrap elementor-element-populated\">\n\t\t\t\t\t\t<div class=\"elementor-element elementor-element-ca39c83 elementor-widget elementor-widget-shortcode\" data-id=\"ca39c83\" data-element_type=\"widget\" data-widget_type=\"shortcode.default\">\n\t\t\t\t<div class=\"elementor-widget-container\">\n\t\t\t\t\t\t\t<div class=\"elementor-shortcode\"><iframe src=\"https:\/\/docs.google.com\/forms\/d\/e\/1FAIpQLSfjHnSo5gyAS39dbWjW0BlzQ4tWVM6MQVjrS-JNzTM9NYekWg\/viewform?embedded=true\" width=\"640\" height=\"2147\" frameborder=\"0\" marginheight=\"0\" marginwidth=\"0\">Cargando...<\/iframe><\/div>\n\t\t\t\t\t\t<\/div>\n\t\t\t\t<\/div>\n\t\t\t\t<div class=\"elementor-element elementor-element-9025d23 elementor-widget elementor-widget-spacer\" data-id=\"9025d23\" data-element_type=\"widget\" data-widget_type=\"spacer.default\">\n\t\t\t\t<div class=\"elementor-widget-container\">\n\t\t\t\t\t\t\t<div class=\"elementor-spacer\">\n\t\t\t<div class=\"elementor-spacer-inner\"><\/div>\n\t\t<\/div>\n\t\t\t\t\t\t<\/div>\n\t\t\t\t<\/div>\n\t\t\t\t\t<\/div>\n\t\t<\/div>\n\t\t\t\t\t<\/div>\n\t\t<\/section>\n\t\t\t\t<section class=\"elementor-section elementor-top-section elementor-element elementor-element-8f48f55 elementor-section-boxed elementor-section-height-default elementor-section-height-default\" data-id=\"8f48f55\" data-element_type=\"section\">\n\t\t\t\t\t\t<div class=\"elementor-container elementor-column-gap-default\">\n\t\t\t\t\t<div class=\"elementor-column elementor-col-100 elementor-top-column elementor-element elementor-element-8eebdc0\" data-id=\"8eebdc0\" data-element_type=\"column\">\n\t\t\t<div class=\"elementor-widget-wrap elementor-element-populated\">\n\t\t\t\t\t\t<div class=\"elementor-element elementor-element-2ac5245 elementor-widget elementor-widget-button\" data-id=\"2ac5245\" data-element_type=\"widget\" data-widget_type=\"button.default\">\n\t\t\t\t<div class=\"elementor-widget-container\">\n\t\t\t\t\t\t\t\t\t<div class=\"elementor-button-wrapper\">\n\t\t\t\t\t<a class=\"elementor-button elementor-button-link elementor-size-sm\" href=\"https:\/\/gurufinanciero.com\/new\/conceptos-financieros\/\" target=\"_blank\">\n\t\t\t\t\t\t<span class=\"elementor-button-content-wrapper\">\n\t\t\t\t\t\t<span class=\"elementor-button-icon\">\n\t\t\t\t<i aria-hidden=\"true\" class=\"far fa-hand-point-right\"><\/i>\t\t\t<\/span>\n\t\t\t\t\t\t\t\t\t<span class=\"elementor-button-text\">Ir Prueba \"Diagn\u00f3stico Conceptos Financieros\"<\/span>\n\t\t\t\t\t<\/span>\n\t\t\t\t\t<\/a>\n\t\t\t\t<\/div>\n\t\t\t\t\t\t\t\t<\/div>\n\t\t\t\t<\/div>\n\t\t\t\t\t<\/div>\n\t\t<\/div>\n\t\t\t\t\t<\/div>\n\t\t<\/section>\n\t\t\t\t<\/div>\n\t\t","protected":false},"excerpt":{"rendered":"<p>Diagn\u00f3stico Financiero Apreciado cliente, gracias por depositar tu confianza en nosotros y elegirnos como tu mejor opci\u00f3n. Por lo tanto lo invitamos a presentar dos pruebas\u00a0 \u00abDiagn\u00f3stico Analfabetismo Financiero\u00bb y\u00a0\u00abDiagn\u00f3stico Conceptos Financieros\u00bb\u00a0con el fin de Medir tus capacidades financieras y entender el por qu\u00e9\u00a0 se dan ciertas situaciones o comportamientos Saber que tipo de problemas &hellip;<\/p>\n<p class=\"read-more\"> <a class=\"\" href=\"https:\/\/gurufinanciero.com\/new\/diagnostico-financiero\/\"> <span class=\"screen-reader-text\">Diagn\u00f3stico Analfabetismo Financiero<\/span> Leer m\u00e1s &raquo;<\/a><\/p>\n","protected":false},"author":1,"featured_media":0,"parent":0,"menu_order":0,"comment_status":"closed","ping_status":"closed","template":"","meta":{"footnotes":""},"class_list":["post-745","page","type-page","status-publish","hentry"],"yoast_head":"<!-- This site is optimized with the Yoast SEO plugin v26.9 - https:\/\/yoast.com\/product\/yoast-seo-wordpress\/ -->\n<title>Diagn\u00f3stico Analfabetismo Financiero - GuruFinanciero su amigo en las finanzas personales<\/title>\n<meta name=\"description\" content=\"Una herramienta dirigida para la comunidad GuruFinanciero en d\u00f3nde podr\u00e1s medir tu grado de capacidad financiera y toma de decisi\u00f3n\" \/>\n<meta name=\"robots\" content=\"index, follow, max-snippet:-1, max-image-preview:large, max-video-preview:-1\" \/>\n<link rel=\"canonical\" href=\"https:\/\/gurufinanciero.com\/new\/diagnostico-financiero\/\" \/>\n<meta property=\"og:locale\" content=\"es_ES\" \/>\n<meta property=\"og:type\" content=\"article\" \/>\n<meta property=\"og:title\" content=\"Diagn\u00f3stico Analfabetismo Financiero - GuruFinanciero su amigo en las finanzas personales\" \/>\n<meta property=\"og:description\" content=\"Una herramienta dirigida para la comunidad GuruFinanciero en d\u00f3nde podr\u00e1s medir tu grado de capacidad financiera y toma de decisi\u00f3n\" \/>\n<meta property=\"og:url\" content=\"https:\/\/gurufinanciero.com\/new\/diagnostico-financiero\/\" \/>\n<meta property=\"og:site_name\" content=\"GuruFinanciero su amigo en las finanzas personales\" \/>\n<meta property=\"article:modified_time\" content=\"2020-12-02T19:25:39+00:00\" \/>\n<meta name=\"twitter:card\" content=\"summary_large_image\" \/>\n<meta name=\"twitter:label1\" content=\"Tiempo de lectura\" \/>\n\t<meta name=\"twitter:data1\" content=\"1 minuto\" \/>\n<script type=\"application\/ld+json\" class=\"yoast-schema-graph\">{\"@context\":\"https:\/\/schema.org\",\"@graph\":[{\"@type\":\"WebPage\",\"@id\":\"https:\/\/gurufinanciero.com\/new\/diagnostico-financiero\/\",\"url\":\"https:\/\/gurufinanciero.com\/new\/diagnostico-financiero\/\",\"name\":\"Diagn\u00f3stico Analfabetismo Financiero - GuruFinanciero su amigo en las finanzas personales\",\"isPartOf\":{\"@id\":\"https:\/\/gurufinanciero.com\/new\/#website\"},\"datePublished\":\"2020-02-26T15:28:07+00:00\",\"dateModified\":\"2020-12-02T19:25:39+00:00\",\"description\":\"Una herramienta dirigida para la comunidad GuruFinanciero en d\u00f3nde podr\u00e1s medir tu grado de capacidad financiera y toma de decisi\u00f3n\",\"breadcrumb\":{\"@id\":\"https:\/\/gurufinanciero.com\/new\/diagnostico-financiero\/#breadcrumb\"},\"inLanguage\":\"es\",\"potentialAction\":[{\"@type\":\"ReadAction\",\"target\":[\"https:\/\/gurufinanciero.com\/new\/diagnostico-financiero\/\"]}]},{\"@type\":\"BreadcrumbList\",\"@id\":\"https:\/\/gurufinanciero.com\/new\/diagnostico-financiero\/#breadcrumb\",\"itemListElement\":[{\"@type\":\"ListItem\",\"position\":1,\"name\":\"Portada\",\"item\":\"https:\/\/gurufinanciero.com\/new\/\"},{\"@type\":\"ListItem\",\"position\":2,\"name\":\"Diagn\u00f3stico Analfabetismo Financiero\"}]},{\"@type\":\"WebSite\",\"@id\":\"https:\/\/gurufinanciero.com\/new\/#website\",\"url\":\"https:\/\/gurufinanciero.com\/new\/\",\"name\":\"GuruFinanciero su amigo en las finanzas personales\",\"description\":\"Mejorar tu salud financiera depender\u00e1 en medida de las decisiones que elijas\",\"publisher\":{\"@id\":\"https:\/\/gurufinanciero.com\/new\/#organization\"},\"potentialAction\":[{\"@type\":\"SearchAction\",\"target\":{\"@type\":\"EntryPoint\",\"urlTemplate\":\"https:\/\/gurufinanciero.com\/new\/?s={search_term_string}\"},\"query-input\":{\"@type\":\"PropertyValueSpecification\",\"valueRequired\":true,\"valueName\":\"search_term_string\"}}],\"inLanguage\":\"es\"},{\"@type\":\"Organization\",\"@id\":\"https:\/\/gurufinanciero.com\/new\/#organization\",\"name\":\"GuruFinanciero su amigo en las finanzas personales\",\"url\":\"https:\/\/gurufinanciero.com\/new\/\",\"logo\":{\"@type\":\"ImageObject\",\"inLanguage\":\"es\",\"@id\":\"https:\/\/gurufinanciero.com\/new\/#\/schema\/logo\/image\/\",\"url\":\"https:\/\/gurufinanciero.com\/new\/wp-content\/uploads\/2020\/02\/cropped-logo-guru-financiero-finanzas-personales.png\",\"contentUrl\":\"https:\/\/gurufinanciero.com\/new\/wp-content\/uploads\/2020\/02\/cropped-logo-guru-financiero-finanzas-personales.png\",\"width\":718,\"height\":162,\"caption\":\"GuruFinanciero su amigo en las finanzas personales\"},\"image\":{\"@id\":\"https:\/\/gurufinanciero.com\/new\/#\/schema\/logo\/image\/\"}}]}<\/script>\n<!-- \/ Yoast SEO plugin. -->","yoast_head_json":{"title":"Diagn\u00f3stico Analfabetismo Financiero - GuruFinanciero su amigo en las finanzas personales","description":"Una herramienta dirigida para la comunidad GuruFinanciero en d\u00f3nde podr\u00e1s medir tu grado de capacidad financiera y toma de decisi\u00f3n","robots":{"index":"index","follow":"follow","max-snippet":"max-snippet:-1","max-image-preview":"max-image-preview:large","max-video-preview":"max-video-preview:-1"},"canonical":"https:\/\/gurufinanciero.com\/new\/diagnostico-financiero\/","og_locale":"es_ES","og_type":"article","og_title":"Diagn\u00f3stico Analfabetismo Financiero - GuruFinanciero su amigo en las finanzas personales","og_description":"Una herramienta dirigida para la comunidad GuruFinanciero en d\u00f3nde podr\u00e1s medir tu grado de capacidad financiera y toma de decisi\u00f3n","og_url":"https:\/\/gurufinanciero.com\/new\/diagnostico-financiero\/","og_site_name":"GuruFinanciero su amigo en las finanzas personales","article_modified_time":"2020-12-02T19:25:39+00:00","twitter_card":"summary_large_image","twitter_misc":{"Tiempo de lectura":"1 minuto"},"schema":{"@context":"https:\/\/schema.org","@graph":[{"@type":"WebPage","@id":"https:\/\/gurufinanciero.com\/new\/diagnostico-financiero\/","url":"https:\/\/gurufinanciero.com\/new\/diagnostico-financiero\/","name":"Diagn\u00f3stico Analfabetismo Financiero - GuruFinanciero su amigo en las finanzas personales","isPartOf":{"@id":"https:\/\/gurufinanciero.com\/new\/#website"},"datePublished":"2020-02-26T15:28:07+00:00","dateModified":"2020-12-02T19:25:39+00:00","description":"Una herramienta dirigida para la comunidad GuruFinanciero en d\u00f3nde podr\u00e1s medir tu grado de capacidad financiera y toma de decisi\u00f3n","breadcrumb":{"@id":"https:\/\/gurufinanciero.com\/new\/diagnostico-financiero\/#breadcrumb"},"inLanguage":"es","potentialAction":[{"@type":"ReadAction","target":["https:\/\/gurufinanciero.com\/new\/diagnostico-financiero\/"]}]},{"@type":"BreadcrumbList","@id":"https:\/\/gurufinanciero.com\/new\/diagnostico-financiero\/#breadcrumb","itemListElement":[{"@type":"ListItem","position":1,"name":"Portada","item":"https:\/\/gurufinanciero.com\/new\/"},{"@type":"ListItem","position":2,"name":"Diagn\u00f3stico Analfabetismo Financiero"}]},{"@type":"WebSite","@id":"https:\/\/gurufinanciero.com\/new\/#website","url":"https:\/\/gurufinanciero.com\/new\/","name":"GuruFinanciero su amigo en las finanzas personales","description":"Mejorar tu salud financiera depender\u00e1 en medida de las decisiones que elijas","publisher":{"@id":"https:\/\/gurufinanciero.com\/new\/#organization"},"potentialAction":[{"@type":"SearchAction","target":{"@type":"EntryPoint","urlTemplate":"https:\/\/gurufinanciero.com\/new\/?s={search_term_string}"},"query-input":{"@type":"PropertyValueSpecification","valueRequired":true,"valueName":"search_term_string"}}],"inLanguage":"es"},{"@type":"Organization","@id":"https:\/\/gurufinanciero.com\/new\/#organization","name":"GuruFinanciero su amigo en las finanzas personales","url":"https:\/\/gurufinanciero.com\/new\/","logo":{"@type":"ImageObject","inLanguage":"es","@id":"https:\/\/gurufinanciero.com\/new\/#\/schema\/logo\/image\/","url":"https:\/\/gurufinanciero.com\/new\/wp-content\/uploads\/2020\/02\/cropped-logo-guru-financiero-finanzas-personales.png","contentUrl":"https:\/\/gurufinanciero.com\/new\/wp-content\/uploads\/2020\/02\/cropped-logo-guru-financiero-finanzas-personales.png","width":718,"height":162,"caption":"GuruFinanciero su amigo en las finanzas personales"},"image":{"@id":"https:\/\/gurufinanciero.com\/new\/#\/schema\/logo\/image\/"}}]}},"_links":{"self":[{"href":"https:\/\/gurufinanciero.com\/new\/wp-json\/wp\/v2\/pages\/745","targetHints":{"allow":["GET"]}}],"collection":[{"href":"https:\/\/gurufinanciero.com\/new\/wp-json\/wp\/v2\/pages"}],"about":[{"href":"https:\/\/gurufinanciero.com\/new\/wp-json\/wp\/v2\/types\/page"}],"author":[{"embeddable":true,"href":"https:\/\/gurufinanciero.com\/new\/wp-json\/wp\/v2\/users\/1"}],"replies":[{"embeddable":true,"href":"https:\/\/gurufinanciero.com\/new\/wp-json\/wp\/v2\/comments?post=745"}],"version-history":[{"count":15,"href":"https:\/\/gurufinanciero.com\/new\/wp-json\/wp\/v2\/pages\/745\/revisions"}],"predecessor-version":[{"id":1269,"href":"https:\/\/gurufinanciero.com\/new\/wp-json\/wp\/v2\/pages\/745\/revisions\/1269"}],"wp:attachment":[{"href":"https:\/\/gurufinanciero.com\/new\/wp-json\/wp\/v2\/media?parent=745"}],"curies":[{"name":"wp","href":"https:\/\/api.w.org\/{rel}","templated":true}]}}