{"id":692,"date":"2020-02-19T18:15:10","date_gmt":"2020-02-19T18:15:10","guid":{"rendered":"https:\/\/gurufinanciero.com\/new\/?page_id=692"},"modified":"2020-08-28T15:58:18","modified_gmt":"2020-08-28T15:58:18","slug":"como-elaborar-su-presupuesto-familiar","status":"publish","type":"page","link":"https:\/\/gurufinanciero.com\/new\/como-elaborar-su-presupuesto-familiar\/","title":{"rendered":"\u00bfC\u00f3mo elaborar su presupuesto familiar?"},"content":{"rendered":"\t\t<div data-elementor-type=\"wp-page\" data-elementor-id=\"692\" class=\"elementor elementor-692\">\n\t\t\t\t\t\t<section class=\"elementor-section elementor-top-section elementor-element elementor-element-8eb11ea elementor-section-content-bottom elementor-section-boxed elementor-section-height-default elementor-section-height-default\" data-id=\"8eb11ea\" data-element_type=\"section\" data-settings=\"{&quot;background_background&quot;:&quot;classic&quot;}\">\n\t\t\t\t\t\t\t<div class=\"elementor-background-overlay\"><\/div>\n\t\t\t\t\t\t\t<div class=\"elementor-container elementor-column-gap-extended\">\n\t\t\t\t\t<div class=\"elementor-column elementor-col-100 elementor-top-column elementor-element elementor-element-52c15fc\" data-id=\"52c15fc\" data-element_type=\"column\">\n\t\t\t<div class=\"elementor-widget-wrap elementor-element-populated\">\n\t\t\t\t\t\t<div class=\"elementor-element elementor-element-b5f3e4d elementor-widget elementor-widget-spacer\" data-id=\"b5f3e4d\" data-element_type=\"widget\" data-widget_type=\"spacer.default\">\n\t\t\t\t<div class=\"elementor-widget-container\">\n\t\t\t\t\t\t\t<div class=\"elementor-spacer\">\n\t\t\t<div class=\"elementor-spacer-inner\"><\/div>\n\t\t<\/div>\n\t\t\t\t\t\t<\/div>\n\t\t\t\t<\/div>\n\t\t\t\t<div class=\"elementor-element elementor-element-55cddb6 elementor-widget elementor-widget-heading\" data-id=\"55cddb6\" data-element_type=\"widget\" data-widget_type=\"heading.default\">\n\t\t\t\t<div class=\"elementor-widget-container\">\n\t\t\t\t\t<h1 class=\"elementor-heading-title elementor-size-default\">\u00bfC\u00f3mo elaborar su<br>presupuesto familiar? <\/h1>\t\t\t\t<\/div>\n\t\t\t\t<\/div>\n\t\t\t\t<div class=\"elementor-element elementor-element-307643a elementor-widget elementor-widget-spacer\" data-id=\"307643a\" data-element_type=\"widget\" data-widget_type=\"spacer.default\">\n\t\t\t\t<div class=\"elementor-widget-container\">\n\t\t\t\t\t\t\t<div class=\"elementor-spacer\">\n\t\t\t<div class=\"elementor-spacer-inner\"><\/div>\n\t\t<\/div>\n\t\t\t\t\t\t<\/div>\n\t\t\t\t<\/div>\n\t\t\t\t\t<\/div>\n\t\t<\/div>\n\t\t\t\t\t<\/div>\n\t\t<\/section>\n\t\t\t\t<section class=\"elementor-section elementor-top-section elementor-element elementor-element-2a28389 elementor-section-boxed elementor-section-height-default elementor-section-height-default\" data-id=\"2a28389\" data-element_type=\"section\">\n\t\t\t\t\t\t<div class=\"elementor-container elementor-column-gap-default\">\n\t\t\t\t\t<div class=\"elementor-column elementor-col-100 elementor-top-column elementor-element elementor-element-95b6a91\" data-id=\"95b6a91\" data-element_type=\"column\">\n\t\t\t<div class=\"elementor-widget-wrap elementor-element-populated\">\n\t\t\t\t\t\t<div class=\"elementor-element elementor-element-9af4eb1 elementor-widget elementor-widget-spacer\" data-id=\"9af4eb1\" data-element_type=\"widget\" data-widget_type=\"spacer.default\">\n\t\t\t\t<div class=\"elementor-widget-container\">\n\t\t\t\t\t\t\t<div class=\"elementor-spacer\">\n\t\t\t<div class=\"elementor-spacer-inner\"><\/div>\n\t\t<\/div>\n\t\t\t\t\t\t<\/div>\n\t\t\t\t<\/div>\n\t\t\t\t<div class=\"elementor-element elementor-element-83b64c7 elementor-widget elementor-widget-text-editor\" data-id=\"83b64c7\" data-element_type=\"widget\" data-widget_type=\"text-editor.default\">\n\t\t\t\t<div class=\"elementor-widget-container\">\n\t\t\t\t\t\t\t\t\t<div class=\"elementor elementor-509 elementor-bc-flex-widget\" data-elementor-type=\"post\" data-elementor-id=\"509\" data-elementor-settings=\"[]\"><div class=\"elementor-inner\"><div class=\"elementor-section-wrap\"><section class=\"elementor-element elementor-element-64dfd6b elementor-section-boxed elementor-section-height-default elementor-section-height-default elementor-section elementor-top-section\" data-id=\"64dfd6b\" data-element_type=\"section\"><div class=\"elementor-container elementor-column-gap-default\"><div class=\"elementor-row\"><div class=\"elementor-element elementor-element-4fdc9fc elementor-column elementor-col-100 elementor-top-column\" data-id=\"4fdc9fc\" data-element_type=\"column\"><div class=\"elementor-column-wrap elementor-element-populated\"><div class=\"elementor-widget-wrap\"><div class=\"elementor-element elementor-element-fedde7a elementor-widget elementor-widget-text-editor\" data-id=\"fedde7a\" data-element_type=\"widget\" data-widget_type=\"text-editor.default\"><div class=\"elementor-widget-container\"><div class=\"elementor-text-editor elementor-clearfix\"><p>En muchas ocasiones el mes es m\u00e1s largo que el cheque. Si es su caso, es momento de cambiar sus h\u00e1bitos financieros y empezar a poner acci\u00f3n desde ahora.<\/p><p>Lo importante es saber claramente en donde est\u00e1 y a d\u00f3nde quiere llegar.\u00a0 Tenga en cuenta las siguientes recomendaciones:<\/p><ul id=\"u134446-28\" class=\"list0 nls-None\"><li>Recopile los estados de cuenta de tarjetas de cr\u00e9dito, recibos de todo lo que compra, incluyendo el del supermercado, y cualquier otra cosa que adquiera con efectivo, cheque o tarjeta de d\u00e9bito.<\/li><li>Tome papel y l\u00e1piz para enumerar todos los gastos en que incurre regularmente y circunstancialmente al mes. Sea lo bastante riguroso, porque de ello depender\u00e1 que llegue a fin de mes sin mayores angustias econ\u00f3micas.<\/li><li>Empiece por anotar los gastos fijos como pagos que vencen en una fecha espec\u00edfica o que se hacen regularmente, tales como: alquiler o hipoteca, deudas con los bancos, pr\u00e9stamos personales, seguros, pagos de pensiones del colegio, impuestos, etc.<\/li><li>Contin\u00fae con los gastos variables, como pasajes de transporte p\u00fablico, gasolina, reparaciones del veh\u00edculo, almuerzos, paseos, servicios de electricidad, agua, celular, tel\u00e9fono, tarjetas de cr\u00e9dito, necesidades personales (peluquer\u00eda, art\u00edculos de aseo), medicinas, entre otros.<\/li><li>Una vez que tenga claramente definidos sus gastos, empiece a detallar sus ingresos familiares regulares, no los extras. Si no tiene un monto exacto, efect\u00fae un estimado, pero en un escenario pesimista.<\/li><li>Si maneja medianamente el excel, lleve toda esta informaci\u00f3n a una hoja de c\u00e1lculo y determine la magnitud de su d\u00e9ficit (ingresos menos gastos). Si le es muy complicado, ay\u00fadese de una calculadora sencilla.<\/li><li>Ya conoce el tama\u00f1o del problema, ahora detecte donde se origina. Defina cu\u00e1les son sus gastos prioritarios, los que no puede dejar de realizar y los que si puede postergar o suprimir.<\/li><li>F\u00edjese una meta de ahorro o equilibrio. Para ello apunte los gastos que no efectuar\u00e1 o los que reducir\u00e1. Por ejemplo, el siguiente mes, voy tres veces al cine y no cuatro.<\/li><li>Si a pesar de reducir gastos, estos siguen siendo mayores a sus ingresos, vea la opci\u00f3n de refinanciar sus deudas. Evite endeudarse con un banco para pagar la deuda que tiene en otra instituci\u00f3n financiera. Menos a\u00fan retire dinero en efectivo de su tarjeta de cr\u00e9dito, salvo que se trate realmente de un caso de vida o muerte.<\/li><li>La disciplina es clave de un presupuesto equilibrado, por lo que revise cada semana c\u00f3mo va en el cumplimiento de su presupuesto. A fin del mes eval\u00fae el resultado y repita el ejercicio, incorporando los gastos que no consider\u00f3 inicialmente.<\/li><\/ul><p>Si requiere una asesor\u00eda personalizada con un mentor experto, en este link podr\u00e1 separar una primera cita\u00a0<\/p><\/div><\/div><\/div><\/div><\/div><\/div><\/div><\/div><\/section><\/div><\/div><\/div><footer id=\"colophon\" class=\"site-footer\" role=\"contentinfo\"><div id=\"footer-widgets\" class=\"footer-widgets section-padding \"><div class=\"container\"><div class=\"row\">\u00a0<\/div><\/div><\/div><\/footer>\t\t\t\t\t\t\t\t<\/div>\n\t\t\t\t<\/div>\n\t\t\t\t<div class=\"elementor-element elementor-element-596d9d0 elementor-align-center elementor-widget elementor-widget-button\" data-id=\"596d9d0\" data-element_type=\"widget\" data-widget_type=\"button.default\">\n\t\t\t\t<div class=\"elementor-widget-container\">\n\t\t\t\t\t\t\t\t\t<div class=\"elementor-button-wrapper\">\n\t\t\t\t\t<a class=\"elementor-button elementor-button-link elementor-size-sm\" href=\"https:\/\/calendly.com\/gurufinanciero-asesoria-financiera\/asesoria-general-sin-costo\">\n\t\t\t\t\t\t<span class=\"elementor-button-content-wrapper\">\n\t\t\t\t\t\t\t\t\t<span class=\"elementor-button-text\">Agendar cita Mentor Experto<\/span>\n\t\t\t\t\t<\/span>\n\t\t\t\t\t<\/a>\n\t\t\t\t<\/div>\n\t\t\t\t\t\t\t\t<\/div>\n\t\t\t\t<\/div>\n\t\t\t\t\t<\/div>\n\t\t<\/div>\n\t\t\t\t\t<\/div>\n\t\t<\/section>\n\t\t\t\t<\/div>\n\t\t","protected":false},"excerpt":{"rendered":"<p>\u00bfC\u00f3mo elaborar supresupuesto familiar? En muchas ocasiones el mes es m\u00e1s largo que el cheque. Si es su caso, es momento de cambiar sus h\u00e1bitos financieros y empezar a poner acci\u00f3n desde ahora. Lo importante es saber claramente en donde est\u00e1 y a d\u00f3nde quiere llegar.\u00a0 Tenga en cuenta las siguientes recomendaciones: Recopile los estados &hellip;<\/p>\n<p class=\"read-more\"> <a class=\"\" href=\"https:\/\/gurufinanciero.com\/new\/como-elaborar-su-presupuesto-familiar\/\"> <span class=\"screen-reader-text\">\u00bfC\u00f3mo elaborar su presupuesto familiar?<\/span> Leer m\u00e1s &raquo;<\/a><\/p>\n","protected":false},"author":1,"featured_media":0,"parent":0,"menu_order":0,"comment_status":"closed","ping_status":"closed","template":"","meta":{"footnotes":""},"class_list":["post-692","page","type-page","status-publish","hentry"],"yoast_head":"<!-- This site is optimized with the Yoast SEO plugin v26.9 - https:\/\/yoast.com\/product\/yoast-seo-wordpress\/ -->\n<title>\u00bfC\u00f3mo elaborar su presupuesto familiar? - GuruFinanciero su amigo en las finanzas personales<\/title>\n<meta name=\"robots\" content=\"index, follow, max-snippet:-1, max-image-preview:large, max-video-preview:-1\" \/>\n<link rel=\"canonical\" href=\"https:\/\/gurufinanciero.com\/new\/como-elaborar-su-presupuesto-familiar\/\" \/>\n<meta property=\"og:locale\" content=\"es_ES\" \/>\n<meta property=\"og:type\" content=\"article\" \/>\n<meta property=\"og:title\" content=\"\u00bfC\u00f3mo elaborar su presupuesto familiar? - GuruFinanciero su amigo en las finanzas personales\" \/>\n<meta property=\"og:description\" content=\"\u00bfC\u00f3mo elaborar supresupuesto familiar? En muchas ocasiones el mes es m\u00e1s largo que el cheque. Si es su caso, es momento de cambiar sus h\u00e1bitos financieros y empezar a poner acci\u00f3n desde ahora. Lo importante es saber claramente en donde est\u00e1 y a d\u00f3nde quiere llegar.\u00a0 Tenga en cuenta las siguientes recomendaciones: Recopile los estados &hellip; \u00bfC\u00f3mo elaborar su presupuesto familiar? Leer m\u00e1s &raquo;\" \/>\n<meta property=\"og:url\" content=\"https:\/\/gurufinanciero.com\/new\/como-elaborar-su-presupuesto-familiar\/\" \/>\n<meta property=\"og:site_name\" content=\"GuruFinanciero su amigo en las finanzas personales\" \/>\n<meta property=\"article:modified_time\" content=\"2020-08-28T15:58:18+00:00\" \/>\n<meta name=\"twitter:card\" content=\"summary_large_image\" \/>\n<meta name=\"twitter:label1\" content=\"Tiempo de lectura\" \/>\n\t<meta name=\"twitter:data1\" content=\"2 minutos\" \/>\n<script type=\"application\/ld+json\" class=\"yoast-schema-graph\">{\"@context\":\"https:\/\/schema.org\",\"@graph\":[{\"@type\":\"WebPage\",\"@id\":\"https:\/\/gurufinanciero.com\/new\/como-elaborar-su-presupuesto-familiar\/\",\"url\":\"https:\/\/gurufinanciero.com\/new\/como-elaborar-su-presupuesto-familiar\/\",\"name\":\"\u00bfC\u00f3mo elaborar su presupuesto familiar? - GuruFinanciero su amigo en las finanzas personales\",\"isPartOf\":{\"@id\":\"https:\/\/gurufinanciero.com\/new\/#website\"},\"datePublished\":\"2020-02-19T18:15:10+00:00\",\"dateModified\":\"2020-08-28T15:58:18+00:00\",\"breadcrumb\":{\"@id\":\"https:\/\/gurufinanciero.com\/new\/como-elaborar-su-presupuesto-familiar\/#breadcrumb\"},\"inLanguage\":\"es\",\"potentialAction\":[{\"@type\":\"ReadAction\",\"target\":[\"https:\/\/gurufinanciero.com\/new\/como-elaborar-su-presupuesto-familiar\/\"]}]},{\"@type\":\"BreadcrumbList\",\"@id\":\"https:\/\/gurufinanciero.com\/new\/como-elaborar-su-presupuesto-familiar\/#breadcrumb\",\"itemListElement\":[{\"@type\":\"ListItem\",\"position\":1,\"name\":\"Portada\",\"item\":\"https:\/\/gurufinanciero.com\/new\/\"},{\"@type\":\"ListItem\",\"position\":2,\"name\":\"\u00bfC\u00f3mo elaborar su presupuesto familiar?\"}]},{\"@type\":\"WebSite\",\"@id\":\"https:\/\/gurufinanciero.com\/new\/#website\",\"url\":\"https:\/\/gurufinanciero.com\/new\/\",\"name\":\"GuruFinanciero su amigo en las finanzas personales\",\"description\":\"Mejorar tu salud financiera depender\u00e1 en medida de las decisiones que elijas\",\"publisher\":{\"@id\":\"https:\/\/gurufinanciero.com\/new\/#organization\"},\"potentialAction\":[{\"@type\":\"SearchAction\",\"target\":{\"@type\":\"EntryPoint\",\"urlTemplate\":\"https:\/\/gurufinanciero.com\/new\/?s={search_term_string}\"},\"query-input\":{\"@type\":\"PropertyValueSpecification\",\"valueRequired\":true,\"valueName\":\"search_term_string\"}}],\"inLanguage\":\"es\"},{\"@type\":\"Organization\",\"@id\":\"https:\/\/gurufinanciero.com\/new\/#organization\",\"name\":\"GuruFinanciero su amigo en las finanzas personales\",\"url\":\"https:\/\/gurufinanciero.com\/new\/\",\"logo\":{\"@type\":\"ImageObject\",\"inLanguage\":\"es\",\"@id\":\"https:\/\/gurufinanciero.com\/new\/#\/schema\/logo\/image\/\",\"url\":\"https:\/\/gurufinanciero.com\/new\/wp-content\/uploads\/2020\/02\/cropped-logo-guru-financiero-finanzas-personales.png\",\"contentUrl\":\"https:\/\/gurufinanciero.com\/new\/wp-content\/uploads\/2020\/02\/cropped-logo-guru-financiero-finanzas-personales.png\",\"width\":718,\"height\":162,\"caption\":\"GuruFinanciero su amigo en las finanzas personales\"},\"image\":{\"@id\":\"https:\/\/gurufinanciero.com\/new\/#\/schema\/logo\/image\/\"}}]}<\/script>\n<!-- \/ Yoast SEO plugin. -->","yoast_head_json":{"title":"\u00bfC\u00f3mo elaborar su presupuesto familiar? - GuruFinanciero su amigo en las finanzas personales","robots":{"index":"index","follow":"follow","max-snippet":"max-snippet:-1","max-image-preview":"max-image-preview:large","max-video-preview":"max-video-preview:-1"},"canonical":"https:\/\/gurufinanciero.com\/new\/como-elaborar-su-presupuesto-familiar\/","og_locale":"es_ES","og_type":"article","og_title":"\u00bfC\u00f3mo elaborar su presupuesto familiar? - GuruFinanciero su amigo en las finanzas personales","og_description":"\u00bfC\u00f3mo elaborar supresupuesto familiar? En muchas ocasiones el mes es m\u00e1s largo que el cheque. Si es su caso, es momento de cambiar sus h\u00e1bitos financieros y empezar a poner acci\u00f3n desde ahora. Lo importante es saber claramente en donde est\u00e1 y a d\u00f3nde quiere llegar.\u00a0 Tenga en cuenta las siguientes recomendaciones: Recopile los estados &hellip; \u00bfC\u00f3mo elaborar su presupuesto familiar? Leer m\u00e1s &raquo;","og_url":"https:\/\/gurufinanciero.com\/new\/como-elaborar-su-presupuesto-familiar\/","og_site_name":"GuruFinanciero su amigo en las finanzas personales","article_modified_time":"2020-08-28T15:58:18+00:00","twitter_card":"summary_large_image","twitter_misc":{"Tiempo de lectura":"2 minutos"},"schema":{"@context":"https:\/\/schema.org","@graph":[{"@type":"WebPage","@id":"https:\/\/gurufinanciero.com\/new\/como-elaborar-su-presupuesto-familiar\/","url":"https:\/\/gurufinanciero.com\/new\/como-elaborar-su-presupuesto-familiar\/","name":"\u00bfC\u00f3mo elaborar su presupuesto familiar? - GuruFinanciero su amigo en las finanzas personales","isPartOf":{"@id":"https:\/\/gurufinanciero.com\/new\/#website"},"datePublished":"2020-02-19T18:15:10+00:00","dateModified":"2020-08-28T15:58:18+00:00","breadcrumb":{"@id":"https:\/\/gurufinanciero.com\/new\/como-elaborar-su-presupuesto-familiar\/#breadcrumb"},"inLanguage":"es","potentialAction":[{"@type":"ReadAction","target":["https:\/\/gurufinanciero.com\/new\/como-elaborar-su-presupuesto-familiar\/"]}]},{"@type":"BreadcrumbList","@id":"https:\/\/gurufinanciero.com\/new\/como-elaborar-su-presupuesto-familiar\/#breadcrumb","itemListElement":[{"@type":"ListItem","position":1,"name":"Portada","item":"https:\/\/gurufinanciero.com\/new\/"},{"@type":"ListItem","position":2,"name":"\u00bfC\u00f3mo elaborar su presupuesto familiar?"}]},{"@type":"WebSite","@id":"https:\/\/gurufinanciero.com\/new\/#website","url":"https:\/\/gurufinanciero.com\/new\/","name":"GuruFinanciero su amigo en las finanzas personales","description":"Mejorar tu salud financiera depender\u00e1 en medida de las decisiones que elijas","publisher":{"@id":"https:\/\/gurufinanciero.com\/new\/#organization"},"potentialAction":[{"@type":"SearchAction","target":{"@type":"EntryPoint","urlTemplate":"https:\/\/gurufinanciero.com\/new\/?s={search_term_string}"},"query-input":{"@type":"PropertyValueSpecification","valueRequired":true,"valueName":"search_term_string"}}],"inLanguage":"es"},{"@type":"Organization","@id":"https:\/\/gurufinanciero.com\/new\/#organization","name":"GuruFinanciero su amigo en las finanzas personales","url":"https:\/\/gurufinanciero.com\/new\/","logo":{"@type":"ImageObject","inLanguage":"es","@id":"https:\/\/gurufinanciero.com\/new\/#\/schema\/logo\/image\/","url":"https:\/\/gurufinanciero.com\/new\/wp-content\/uploads\/2020\/02\/cropped-logo-guru-financiero-finanzas-personales.png","contentUrl":"https:\/\/gurufinanciero.com\/new\/wp-content\/uploads\/2020\/02\/cropped-logo-guru-financiero-finanzas-personales.png","width":718,"height":162,"caption":"GuruFinanciero su amigo en las finanzas personales"},"image":{"@id":"https:\/\/gurufinanciero.com\/new\/#\/schema\/logo\/image\/"}}]}},"_links":{"self":[{"href":"https:\/\/gurufinanciero.com\/new\/wp-json\/wp\/v2\/pages\/692","targetHints":{"allow":["GET"]}}],"collection":[{"href":"https:\/\/gurufinanciero.com\/new\/wp-json\/wp\/v2\/pages"}],"about":[{"href":"https:\/\/gurufinanciero.com\/new\/wp-json\/wp\/v2\/types\/page"}],"author":[{"embeddable":true,"href":"https:\/\/gurufinanciero.com\/new\/wp-json\/wp\/v2\/users\/1"}],"replies":[{"embeddable":true,"href":"https:\/\/gurufinanciero.com\/new\/wp-json\/wp\/v2\/comments?post=692"}],"version-history":[{"count":6,"href":"https:\/\/gurufinanciero.com\/new\/wp-json\/wp\/v2\/pages\/692\/revisions"}],"predecessor-version":[{"id":1126,"href":"https:\/\/gurufinanciero.com\/new\/wp-json\/wp\/v2\/pages\/692\/revisions\/1126"}],"wp:attachment":[{"href":"https:\/\/gurufinanciero.com\/new\/wp-json\/wp\/v2\/media?parent=692"}],"curies":[{"name":"wp","href":"https:\/\/api.w.org\/{rel}","templated":true}]}}